08. Suppose -5*m = 25, -c = 5*g + 3*m - 1328. Is g a multiple of 28?
True
Let f be -4*(-3 - 28/(-8))/(-1). Suppose 4*q - 468 = -4*z, f*z - 231 = -8*q + 3*q. Is z a multiple of 15?
False
Let d be 6 + 1 - (-1 + 2). Suppose -2*t - j + 2 = 0, 1 = 2*t - 5*j - 1. Does 27 divide (-2 - -12)/(t/d)?
False
Let k(m) = -668*m + 871. Is k(-4) a multiple of 78?
False
Let h(d) = 5*d + 53. Let k be h(-10). Suppose 2*u + 2*a - 804 = 0, -2*u - k*a = 294 - 1101. Does 60 divide u?
False
Let y(l) = -76*l**3 - 2*l**2 - l. Let i be y(-1). Let q be -13 + (-20)/(-2) - -146. Suppose 3*k - 3*p = i, 4*p - q = -5*k - 0*p. Does 4 divide k?
False
Let m(b) be the third derivative of b**5/12 + 17*b**3/2 - 184*b**2. Is m(-6) a multiple of 11?
True
Let x = -2384 - -5424. Is x a multiple of 10?
True
Let x = 4035 + -961. Is x a multiple of 29?
True
Let t(w) = -22*w**2 - 39*w - 39. Let f be t(-1). Let v = 122 - f. Does 4 divide v?
True
Let h = -72 - -76. Suppose -h*x + 12 = -x. Suppose 4*a + x*u = -u + 187, -2*a - 5*u + 101 = 0. Does 14 divide a?
False
Suppose -3*m + 79 = -2*p, -5*p = 5*m - 10*p - 125. Suppose -19*t + m + 6165 = 0. Does 57 divide t?
False
Suppose 3*z = 5*w + 399, 0*w - 318 = 4*w - 2*z. Is 7 a factor of (w - 1)/(3*1/(-3))?
False
Let g(v) = v**3 - 4*v**2 + v - 4. Suppose 5*y - 20 = -0*y. Let m be g(y). Is m + (-6)/(-27) + (-2149)/(-9) a multiple of 17?
False
Suppose 0 = -3*y - z + 35, 3*y - 55 = -5*z - 0. Let s(i) = 10*i + 70. Is 6 a factor of s(y)?
False
Let l = 3044 + -1907. Is l a multiple of 6?
False
Suppose 6*v = 7*v - 3. Suppose 7 = v*a - 74. Is a a multiple of 4?
False
Let u = 427 + -714. Let d = u - -329. Does 12 divide d?
False
Let g(s) be the first derivative of s**3/3 - 5*s**2 + 6*s - 47. Does 3 divide g(12)?
True
Is ((-171)/(-18) + -10)*-3866 a multiple of 27?
False
Let d = 21478 + -14354. Is 137 a factor of d?
True
Let l(j) = 1679*j + 746. Is l(4) a multiple of 13?
True
Let a(r) = -17*r**2 - 1. Let b(h) = -2*h + 43. Let d be b(22). Let m(v) = -v**2. Let c(o) = d*a(o) + 2*m(o). Is c(2) a multiple of 44?
False
Let y be 2301/26 - 1/2. Let v = 155 + y. Is v a multiple of 27?
True
Let v(q) = -q**2 + 13*q + 26. Let s be (((-98)/28)/(-1))/(2/4). Is 4 a factor of v(s)?
True
Let t be 2 + (-2)/2 + 0 + 89. Let a = -62 + t. Is (15/(-10))/((-6)/a) a multiple of 6?
False
Let d = -261 + 266. Suppose 0 = 4*g - 5*n - 2975, -7*g = -d*g - 5*n - 1475. Is 86 a factor of g?
False
Let o(l) = -l**2 - 3*l + 10. Let p(s) = s**2 + 3*s - 10. Let x(g) = -4*o(g) - 5*p(g). Let c be x(-5). Suppose c = 4*f - f - 270. Does 14 divide f?
False
Is (3 - (-132)/(-16) - -9)*332 a multiple of 2?
False
Is 3 a factor of -21 - -28 - (-239 + (1 - -2))?
True
Suppose 14*w = 16193 + 15595 - 2500. Does 6 divide w?
False
Let w(h) = 92*h**3 + 5*h**2 + 70*h + 10. Is w(6) a multiple of 22?
True
Suppose 0 = -316*v + 2538603 + 3681541. Is v a multiple of 14?
True
Let a be (-2)/(-4)*(9 + -5). Let g(r) = -r**a + 473 - 471 + r + 10*r**2. Is g(-2) a multiple of 23?
False
Suppose 1059 = 26*r - 15113. Suppose -r = -46*s + 6968. Is 24 a factor of s?
False
Let o(i) = 8*i**2 - 14*i - 14. Let h be o(7). Suppose -7*f = h + 49. Let u = 74 + f. Is 4 a factor of u?
False
Let b(t) be the first derivative of -5*t**2/2 + 24*t + 1. Let n be 2/4*(-1 - -1). Is 4 a factor of b(n)?
True
Suppose -42*p + 16*p = -536328. Does 191 divide p?
True
Suppose -26*n + 20594 = -30730. Is 16 a factor of n?
False
Suppose 2*j - 659 = -3*z, -j = -6*z + z - 323. Suppose -4*u - g = -j, -2*g + 34 = u - 48. Let p = -58 + u. Does 12 divide p?
True
Suppose 5*b + 951 = 96. Let h be (-1)/(3/(-9)) + b/(-3). Suppose 9*k = 8*k + h. Is k a multiple of 20?
True
Suppose v = 5*n - 4831, -28*v + 2865 = 3*n - 23*v. Is 32 a factor of n?
False
Let u be (-1)/2 - (-1955)/10. Suppose -196*c = -u*c - 149. Does 6 divide c?
False
Let r(z) = -149*z + 192. Let o be r(-16). Does 17 divide (-2)/(o/(-856) + 3)?
False
Does 29 divide (-24216)/(-84) + (-3)/42*4?
False
Let d be -1*(5*2)/(33 - 35). Let f(y) = y**3 - 2*y**2 + 2*y + 2. Let l be f(2). Is (1 + d/(-1))*(-87)/l a multiple of 16?
False
Suppose -4*v + 9*l + 18 = 11*l, 0 = -3*v + l + 1. Suppose -3*t + v*b = -0*t - 571, 0 = 2*t + 4*b - 370. Does 9 divide t?
True
Suppose -2*y - 2 = 0, -4*g - y = -g - 8909. Suppose -13*h - g = -46*h. Does 9 divide h?
True
Let t(d) = -d**3 - 2*d**2 + 6*d - 3. Let v be t(-4). Suppose 3*p + 0 = -v*b - 11, -4*b + p - 2 = 0. Does 25 divide -5 + (b - (-252 - 4))?
True
Suppose -9*f + 0 + 18 = 0. Let y be f/(-4) + (-13)/(-2). Suppose 0*n - 216 = -y*n. Does 9 divide n?
True
Let x(m) = 51*m**2 - 45*m + 289. Does 57 divide x(8)?
False
Let j(d) = -5*d + 2. Let b be j(-3). Let h(q) = 42*q**3 + 19 + b - 38 + 2*q. Does 14 divide h(1)?
True
Suppose 10*u = 4*u + 786. Suppose -2*h + 5*m + u = 0, -2*m + 66 - 304 = -4*h. Let q = h - 48. Does 8 divide q?
False
Let w(i) be the first derivative of -87*i**2/2 - 252*i + 174. Is w(-6) a multiple of 54?
True
Let t = -819 - -819. Suppose 166*a - 170*a + 3784 = t. Is a a multiple of 17?
False
Let v(d) = 3*d - 242*d**2 - 4*d + 227*d**2. Let l be v(1). Does 23 divide 1/(-4) + (-2212)/l?
True
Let y be 2/8*2*2. Let o(r) = -7*r + 3. Let u be o(y). Is 1/u + 2082/8 a multiple of 26?
True
Suppose 0 = 2*v - 4*v + 6. Suppose -v*a + 2*g = 4 - 21, 3*g + 9 = -a. Suppose -3*u = -4*j + 132, -5*u - 50 = 2*j - a*j. Is j a multiple of 23?
False
Suppose -3*l + 379 + 19631 = 3*l. Is 35 a factor of l?
False
Suppose 13*b + 30530 + 83597 = 0. Let n = -12865 - b. Is 32 a factor of n/(-126) + (8/14 - 1)?
True
Let s(m) = 2*m**2 + 74*m - 15. Does 24 divide s(-58)?
False
Let y(w) = 7*w**3 - 27*w**2 + 3*w + 55. Does 68 divide y(14)?
False
Let l be ((-6)/(-5))/((-6)/(-100)). Suppose 0 = 5*v - l, 0 = -2*t + v + 5 - 1. Suppose -8 = -2*z - 0, t*z - 214 = -2*n. Does 11 divide n?
True
Let k(f) = -4*f**3 + 2*f**2 - 8*f + 4. Let y(x) = 5*x - 52. Let c be y(11). Let d be k(c). Is 5 a factor of 1 + -3 + (3 - d)?
False
Suppose 19*b - 14*b - 52 = 2*j, -2*b - 4*j + 16 = 0. Suppose b*y - 264 = 7*y. Does 11 divide y?
True
Let m(a) = 5*a + 22. Let h be m(-4). Suppose 3*f - h*u = u + 906, 6 = -2*u. Is 13 a factor of f?
True
Let a(k) = 2*k + 2. Let q be a(1). Suppose m = q*m + i - 22, -5*i = -5*m + 10. Let r(w) = w**3 - 7*w**2 + 7*w. Is r(m) a multiple of 6?
True
Suppose -4625 = -m + 3*l, 5*m - 38*l - 23197 = -41*l. Does 29 divide m?
False
Let z be 227/2 - (1 - 4)/(-6). Let i = 138 - z. Is 5 a factor of i?
True
Suppose -8*p = -7081 + 4057. Is 27 a factor of p?
True
Let d be ((-2)/((-4)/(-3)))/((-3)/(-18)). Let p be d*1/(-12)*(6 + -2). Suppose p*x - x - 182 = 0. Does 23 divide x?
False
Let t be (-590)/(-50) + (-5)/(-25). Suppose -t*y + 8*y + 1208 = 3*j, 3*y + j = 906. Is 8 a factor of y?
False
Let a be 66/(-15) + (-4)/(-10). Let l be 6/a*32/(-12). Suppose -l*w + 5*i + 22 + 97 = 0, -3*i = -3. Is 6 a factor of w?
False
Suppose -4*l - 399 = -q, -3*q - 8*l + 4*l = -1133. Does 15 divide q?
False
Let w = 32 - 32. Suppose -4*p + 368 = -w*p. Does 13 divide p?
False
Is (-144 + -3)/(895/(-220) - -4) a multiple of 77?
True
Let x(b) = 34*b - 2. Let l = 84 + -78. Is x(l) a multiple of 20?
False
Is 20 a factor of (-15 - (-17 + 4))/(1 + (-1758)/1757)?
False
Let s = 23 + -20. Suppose s*a - 5*d = 5059, d = -1 - 4. Is 18 a factor of a/8 + (-3)/60*-5?
False
Let v(t) = 5*t**2 + 18*t - 6. Let k = 43 - 52. Let g be v(k). Suppose 2*l + u - g = 0, -4*l = -l - 2*u - 366. Is 24 a factor of l?
True
Suppose y + 2*k - 1153 = 2838, -4*k + 11981 = 3*y. Is 129 a factor of y?
True
Let k = 29061 - 14264. Does 139 divide k?
False
Suppose 4*w + 2*v = 13468, 0*w = -3*w + 2*v + 10087. Does 13 divide w?
False
Let c(f) = 89*f + 352. Is c(10) a multiple of 23?
True
Suppose 5*d - 4*s = s + 70, 37 = 2*d - 5*s. Suppose d*q - 642 - 1448 = 0. Is 18 a factor of q?
False
Does 31 divide ((-688)/(-860))/((-1)/(-7750))?
True
Suppose 3*i + 18*s = 17*s + 9849, 5*i = -13*s + 16347. Is i a multiple of 7?
False
Let f(q) = q**2 + 22*q. Let s be f(-22). Suppose -2*c + 4*x + 568 = s, 2*x + 230 = 2*c - 330. Suppose c = 5*m + m. Does 39 divide m?
False
Let p(o) = o**3 - 8*o**2 - 12*o - 9. Let r be p(9). Let s = 108 + r. Suppose v + 22 = s. Is 10 a factor of v?
True
Let r(w) = 7*w**2 - 40*w - 6. Does 3 divide r(13)?
True
Let u(o) = -o**3 - 5*o**2 - 13*o - 31. Let w be u(-3